 u = -4 + p. Calculate the greatest common divisor of 15 and u.
5
Suppose 0 = 5*j + 3*g + 209, -1 - 14 = 5*g. Suppose 2*a + y = 119, 134 = 4*a - 4*y - 86. Let t = a + j. Calculate the greatest common divisor of t and 9.
9
Suppose -3 = -4*j + 5. Let b = j + 1. What is the highest common factor of 12 and b?
3
Let j(h) = -6*h + 2*h + 4*h**2 - h**2 + 1 + 3*h**2. Let q be j(3). Suppose -4*v = -q - 41. Calculate the highest common factor of 7 and v.
7
Suppose 3*x - 5 = 7. Suppose x*v + v = 75. What is the greatest common factor of v and 5?
5
Let q = 2 - -2. Suppose q*g + 2 + 2 = 0. Let s be (13 + g)*(-3)/(-4). Calculate the greatest common factor of s and 72.
9
Suppose 4*d - 6 - 6 = 0. Suppose -d = -2*a + 5. Calculate the highest common divisor of a and 6.
2
Let q be (-11)/((-10 - -5) + 4). Calculate the greatest common divisor of q and 176.
11
Let x(p) = -p**2 + 8*p + 7. Let d be x(7). Let l(s) = 52*s - 2. Let o be l(3). Calculate the highest common divisor of o and d.
14
Let i = -6 + 7. Let g = 13 + i. Let v(b) = 38*b - 2. Let x be v(3). Calculate the highest common factor of x and g.
14
Let a be ((-8)/(-3) - 0)/(4/30). What is the greatest common factor of 5 and a?
5
Suppose -2*r - 3 = -7. Calculate the greatest common factor of 2 and r.
2
Let q(b) = -b - 8. Let v be q(-8). Let z = v - -10. What is the highest common divisor of 20 and z?
10
Let o = -214 + 310. Let c be 62/217 + 1 + 318/14. What is the highest common divisor of o and c?
24
Suppose -5*s + 0*s + 4*h = -96, -2*h = -2*s + 40. What is the highest common factor of 144 and s?
16
Let d = 22 + -16. Let v = -8 + 6. Let x be 54*(0/v + 1). Calculate the greatest common factor of x and d.
6
Suppose -2*f + 2 = -4*h + 26, -f - 2 = 0. Suppose i + 3*i + 4*m - 20 = 0, -7 = -h*i + m. Calculate the highest common factor of i and 2.
2
Let w = -3 + 16. What is the highest common divisor of w and 13?
13
Let h be 86/5 + (-2)/10. What is the greatest common divisor of h and 34?
17
Let x = 97 - 20. What is the highest common divisor of 11 and x?
11
Let w be 0 - -3 - (-1 - -2). Suppose -5*h + 31 = 2*a - 12, 4*h - w*a - 20 = 0. Calculate the greatest common divisor of h and 35.
7
Let v(f) = -f**2 + f + 4. Let p be v(-3). Let r be p/36 - 299/(-9). What is the highest common factor of 3 and r?
3
Let z be (10*1/2)/1. What is the highest common divisor of z and 2?
1
Suppose 5*t - 37 = -m, -3*t - 13 = 3*m - 76. What is the greatest common divisor of m and 51?
17
Suppose 5*u = 4*b + 367, 2*u + 2*b - 38 = 116. Calculate the greatest common factor of u and 30.
15
Suppose -117 = -3*v + 36. What is the greatest common factor of v and 204?
51
Suppose 8 = 5*t + 88. Let r = t + 27. Calculate the greatest common divisor of r and 11.
11
Let h be (1/2)/((-3)/12). Let g be 24/9 - h/6. Calculate the highest common factor of g and 9.
3
Suppose 0 = 2*l - 3 - 7. Suppose -3*p + p = l*g + 6, p = -5*g - 8. Let n be -96*(-1 - p/(-8)). Calculate the highest common divisor of 9 and n.
9
Suppose -7*u + 2*u + q + 154 = 0, -5*u = q - 146. Calculate the greatest common factor of u and 120.
30
Let i(x) = 26*x - 4. Let p be i(9). What is the greatest common factor of 23 and p?
23
Let i(h) = -11*h**3 - 2*h - 1. Let r be i(-1). Let a = r - 5. What is the greatest common divisor of 28 and a?
7
Let z(s) = s**3 + 7*s**2 + 5*s - 4. Let a be z(-4). Let u = 72 + -66. What is the greatest common divisor of a and u?
6
Let m be (1*15)/(1/3). Let q(j) be the third derivative of -j**4/12 + 5*j**3/6 - 2*j**2. Let d be q(-5). Calculate the greatest common divisor of m and d.
15
Let g be (-3*27/(-6))/((-1)/(-2)). What is the greatest common divisor of g and 18?
9
Let h(t) = -2*t - 5*t**3 + 2*t**2 + 0 + 10*t**3 + 1. Let g be h(1). What is the greatest common factor of g and 54?
6
Let l be 62/22 - 2/22*-2. Suppose -3*y - 2*y = 0. Let m = l - y. Calculate the highest common divisor of m and 6.
3
Let b(z) = 11*z**2 + 8*z - 14. Let t(c) = 12*c**2 + 9*c - 15. Let v(q) = 7*b(q) - 6*t(q). Let s be v(4). What is the highest common divisor of s and 10?
10
Suppose -5*i - 7 = -102. Calculate the greatest common divisor of 190 and i.
19
Let z = -17 + 15. Let d be z/(3 + (-68)/20). Calculate the greatest common divisor of 25 and d.
5
Let s(g) = 2*g**2 + 9*g + 8. Let w be s(-5). Calculate the highest common factor of 117 and w.
13
Suppose 13 + 1 = -2*i. Let n = -2 - i. Suppose -5*o - 2*z = -4*z - 210, -n*z + 69 = o. What is the greatest common divisor of o and 4?
4
Let z(s) = -s**2 + s + 4. Let b be z(0). Let p be (-3 + b)/(2/350). Suppose -g - 4*g = -p. What is the greatest common divisor of g and 5?
5
Suppose -4*o + x - 14 = 0, 5*o + 11 = -2*x - 0*x. Let p be 3 + o + 4*3. Calculate the greatest common divisor of p and 18.
6
Let g = 2 - 1. Suppose -4*t = 5*w + 7, 0 = -t - 2*w - g - 3. Calculate the highest common factor of 3 and t.
1
Suppose -3*y = y - 8. Let z = y - 0. Suppose 43 = z*h - 5. Calculate the greatest common divisor of 3 and h.
3
Suppose p + 0 = -1. Let w be 33*(p - 0 - -7). Let g = w + -118. Calculate the highest common divisor of g and 32.
16
Let v be 1/(-4) - (-267)/12. Let z be 1 + ((-8)/(-2))/2. Let b be ((-22)/z)/(8/(-60)). What is the greatest common factor of b and v?
11
Let o be 2*2/(-8)*-6. Let p(r) = -r**2 + 2*r + 3. Let i be p(o). Let m(l) = -l**2 + 40. Let y be m(i). What is the highest common divisor of 10 and y?
10
Let k be 10/(-35) + 422/7. Suppose -13 = 5*x + 7. Let v be (-154)/x - 3/(-2). Calculate the highest common divisor of k and v.
20
Suppose 2*d = -5*p - 3 + 1, d = p + 6. Let z be p*1/(-1) - -97. Suppose 10 = 4*v - 2*v, -5*g + 20 = -5*v. Calculate the highest common factor of z and g.
9
Let p(z) = -4*z + 3*z - z**3 - z - 4 - 3*z + 10*z**2. Let f be -1 + ((-5)/(-1))/1. Let l be p(f). What is the greatest common divisor of l and 9?
9
Suppose -87*z + 88*z - 10 = 0. What is the greatest common factor of z and 5?
5
Suppose -2*b = -5*h + 11 + 2, -4 = -4*b. Suppose -29 + 179 = h*x. Calculate the highest common divisor of 20 and x.
10
Let g be (-1)/(-1) + -2 + 2. Let z be (-13)/(g - (-12)/(-10)). Calculate the greatest common divisor of 26 and z.
13
Let i = -27 + 43. Let l = 28 - i. Calculate the greatest common factor of l and 48.
12
Let k(c) = c**2 - 4*c + 4. Let v be (4/3)/((-2)/(-9)). Let g be k(v). What is the highest common divisor of g and 4?
4
Suppose 0 = 3*g + f - 30, 5*g - 4*f - 50 = -0*f. Calculate the highest common divisor of g and 30.
10
Let y(x) = 10*x**3 - 3*x**2 + 3*x - 3. Let n be y(2). Let m = n + -51. Calculate the greatest common factor of m and 60.
20
Let u(k) = 3*k**3 - k**2 + 3*k - 3. Let q(b) = -b**3 - 6*b**2 - b - 4. Let l be q(-6). Let s be u(l). Calculate the highest common factor of s and 23.
23
Let k = 23 + -6. Calculate the highest common factor of 119 and k.
17
Let r be -6 + 4 + (-52)/(-2). Calculate the highest common divisor of 24 and r.
24
Suppose 2*q - 229 = -2*q + k, 4*k = 2*q - 132. Suppose 0 = z - 4. Suppose 0 = 3*j + w - 19, z*j - 4*w - 16 = 20. What is the highest common divisor of j and q?
7
Let t(f) = f**2 - 3*f + 4. Let a be (-517)/(-77) + 2/7. Let d be t(a). Calculate the greatest common factor of 8 and d.
8
Let o = -38 + 45. What is the greatest common divisor of 49 and o?
7
Suppose -4*g - 5*w + 493 = -57, -428 = -3*g + 4*w. What is the highest common divisor of 20 and g?
20
Suppose -4*k = 17 - 93. Let f = k - 8. Let u(n) = 3*n**3 - 7*n**2 + 4*n + 3. Let s be u(4). Calculate the highest common factor of f and s.
11
Let l(z) be the second derivative of z**4/6 + z**3/3 - z**2 - 2*z. Let r be l(2). Suppose j - r = 2. Calculate the greatest common divisor of 48 and j.
12
Suppose 4*g - 765 = -5*g. What is the greatest common divisor of 34 and g?
17
Suppose 6*r - 662 = -230. Suppose c = 8 - 0. What is the highest common factor of c and r?
8
Suppose 0*q = -q + 3. Let n(h) = 3*h - 3. Let z be n(q). What is the highest common factor of 48 and z?
6
Let s(h) = h + 4. Let y be s(0). Let x = y - 0. What is the highest common factor of x and 44?
4
Let v be -1 + (3 - 78) + 3. Let y = -28 - v. Calculate the highest common divisor of y and 9.
9
Suppose 2*g - 11 = 31. Calculate the highest common factor of 42 and g.
21
Suppose -4*a = -61 + 1. What is the highest common factor of 6 and a?
3
Suppose -p = -0*p +